te?
False
Is 8914667 prime?
False
Is 64077421 a prime number?
True
Is 1251157 a prime number?
True
Is 9432119 a composite number?
False
Is 8332957 composite?
True
Is 1982401 composite?
False
Is 26073637 a prime number?
False
Is 85193 a composite number?
False
Is 3357659 prime?
False
Is 679281 composite?
True
Is 4395751 a prime number?
True
Is 19814 a prime number?
False
Is 26712217 a prime number?
False
Is 5356069 a prime number?
False
Is 200586409 composite?
True
Is 20986129 a prime number?
False
Is 112871749 prime?
True
Is 13257271 prime?
True
Is 4340003 prime?
True
Is 6270083 composite?
False
Is 12690983 a prime number?
False
Is 60094291 a prime number?
True
Is 2082841067 composite?
False
Is 4918327 composite?
True
Is 7548941 a prime number?
True
Is 14335457 a prime number?
True
Is 666034387 composite?
True
Is 1604707 prime?
False
Is 5976038 a prime number?
False
Is 9749059 a prime number?
True
Is 119915531 prime?
True
Is 15274463 prime?
True
Is 4618949 a composite number?
False
Is 19783669 a composite number?
False
Is 45319543 a composite number?
False
Is 16877495 a prime number?
False
Is 6689819 composite?
True
Is 300475801 a composite number?
True
Is 513446671 prime?
False
Is 2041967 a composite number?
False
Is 451201 prime?
True
Is 3882133 a prime number?
True
Is 192619039 composite?
True
Is 7678991 prime?
False
Is 1131763 composite?
False
Is 271811395 prime?
False
Is 83434971 prime?
False
Is 4037729 a composite number?
False
Is 58743493 prime?
True
Is 504659723 a prime number?
False
Is 1177387 composite?
False
Is 8244086 a prime number?
False
Is 146670323 composite?
True
Is 294213053 a composite number?
False
Is 1017943 prime?
False
Is 5253629 prime?
False
Is 4202969 a composite number?
False
Is 4459991 a composite number?
True
Is 59113189 a prime number?
True
Is 4579259 composite?
False
Is 312472061 a composite number?
True
Is 122641721 prime?
True
Is 84713221 composite?
False
Is 2844379 a composite number?
False
Is 6877067 composite?
True
Is 53450437 composite?
False
Is 168138587 a composite number?
True
Is 227927 prime?
False
Is 573409 composite?
False
Is 3483395 a prime number?
False
Is 417976733 a prime number?
True
Is 12718759 a prime number?
False
Is 21392407 prime?
False
Is 8672041 a prime number?
False
Is 9635663 composite?
False
Is 3208169 a prime number?
False
Is 5626749 composite?
True
Is 21540983 a composite number?
False
Is 85778761 a composite number?
False
Is 65003171 composite?
False
Is 264436463 composite?
True
Is 9549637 prime?
False
Is 1621577 a composite number?
True
Is 12698977 composite?
True
Is 10524049 a prime number?
True
Is 5623 a composite number?
False
Is 837379187 composite?
True
Is 54972059 prime?
True
Is 22387459 composite?
True
Is 2121797 a prime number?
True
Is 62522183 a composite number?
False
Is 728471 a prime number?
True
Is 319538743 a composite number?
False
Is 1271197 a composite number?
False
Is 6811219 composite?
True
Is 1824799 prime?
False
Is 67623911 prime?
False
Is 2152762 a composite number?
True
Is 315937 a composite number?
False
Is 25068111 composite?
True
Is 76201798 a composite number?
True
Is 9987493 a prime number?
True
Is 19905697 prime?
False
Is 148781527 composite?
False
Is 630521 prime?
True
Is 20863727 a composite number?
False
Is 1352674 prime?
False
Is 6498629 prime?
True
Is 21047251 prime?
False
Is 1045183 prime?
True
Is 55488449 prime?
True
Is 5001407 a prime number?
True
Is 142389619 a composite number?
True
Is 50873267 a prime number?
True
Is 764069 prime?
False
Is 32224009 composite?
False
Is 46576183 composite?
False
Is 1626701 a prime number?
True
Is 549469423 prime?
True
Is 153445027 a prime number?
False
Is 21813593 prime?
False
Is 18859751 a composite number?
True
Is 4636829 a composite number?
False
Is 175339 composite?
True
Is 442319 composite?
False
Is 379417 a prime number?
True
Is 9205387 prime?
False
Is 269377 composite?
False
Is 712219 composite?
False
Is 3069917 a composite number?
False
Is 4132769 a prime number?
True
Is 27318679 prime?
False
Is 2197446177 a composite number?
True
Is 73107178 composite?
True
Is 46985714 prime?
False
Is 42281053 a composite number?
True
Is 1736960743 a prime number?
False
Is 138695653 a composite number?
False
Is 19659467 prime?
True
Is 500421 prime?
False
Is 694753 composite?
True
Is 3606829 a composite number?
False
Is 291074041 a composite number?
False
Is 9834263 prime?
False
Is 51963493 prime?
True
Is 60590683 a composite number?
False
Is 16641617 a composite number?
False
Is 6736157 a prime number?
True
Is 4456121 a composite number?
False
Is 206849609 a composite number?
False
Is 2253869 a composite number?
True
Is 246391231 prime?
False
Is 304122487 a prime number?
True
Is 47691049 prime?
False
Is 229577839 a composite number?
True
Is 26323833 prime?
False
Is 160673831 composite?
False
Is 19368137 prime?
True
Is 2546269 prime?
False
Is 315544773 composite?
True
Is 3283583 a composite number?
True
Is 1361273 prime?
True
Is 19868957 prime?
True
Is 93813271 a composite number?
False
Is 22354837 a prime number?
True
Is 102565153 a composite number?
False
Is 55861981 prime?
False
Is 411765031 prime?
True
Is 228668821 a composite number?
False
Is 8449835 a prime number?
False
Is 9395843 a prime number?
True
Is 36967373 composite?
True
Is 33891355 a composite number?
True
Is 45574811 a composite number?
False
Is 126671469 a prime number?
False
Is 3358651 a composite number?
False
Is 22998701 a prime number?
False
Is 5638157 a composite number?
True
Is 54219043 a prime number?
False
Is 13647133 a composite number?
False
Is 336868007 a composite number?
True
Is 13491371 composite?
False
Is 516611 a prime number?
True
Is 1110301 composite?
False
Is 3033793 a composite number?
True
Is 47814083 a prime number?
False
Is 53995801 a prime number?
False
Is 864483423 prime?
False
Is 28016083 a prime number?
True
Is 4148723 composite?
True
Is 16532689 composite?
False
Is 307286443 composite?
True
Is 13108909 a composite number?
True
Is 1872581 a composite number?
False
Is 824227 a composite number?
False
Is 79960339 prime?
True
Is 556657 a prime number?
False
Is 150151 a prime number?
True
Is 23524507 a composite number?
False
Is 157541947 composite?
False
Is 1846259 prime?
False
Is 159642433 prime?
True
Is 436552849 prime?
True
Is 1356973 a prime number?
True
Is 6893911 prime?
True
Is 1493839 composite?
False
Is 9959927 composite?
False
Is 6299551 composite?
True
Is 6577757 composite?
False
Is 10473369 a prime number?
False
Is 28290991 a prime number?
True
Is 21483719 prime?
True
Is 422593 a prime number?
False
Is 27215329 a prime number?
False
Is 119937413 composite?
False
Is 1254761 prime?
True
Is 124221479 prime?
True
Is 118811941 a prime number?
True
Is 9498107 prime?
True
Is 757507 a composite number?
False
Is 3109 composite?
False
Is 3495251 prime?
False
Is 1885295 prime?
False
Is 16004927 prime?
False
Is 402481 a prime number?
False
Is 1048939 a composite number?
True
Is 5719771 a composite number?
False
Is 280893341 a composite number?
False
Is 1224409 prime?
False
Is 81267527 composite?
True
Is 3592471 a composite number?
True
Is 4218049 a prime number?
False
Is 7680623 a prime number?
False
Is 7688663 a prime number?
True
Is 1295851 a composite number?
True
Is 374264801 a composite number?
False
Is 177228617 prime?
True
Is 258728147 prime?
True
Is 21989761 a composite number?
False
Is 15259841 composite?
False
Is 363123493 a prime number?
True
Is 6927407 a composite number?
False
Is 654991 a prime number?
True
Is 166234433 a composite number?
True
Is 1426571 prime?
False
Is 72897673 a composite number?
False
Is 3987857 composite?
True
Is 7702801 composite?
False
Is 53642321 prime?
True
Is 197608354 a composite number?
True
Is 309290414 a prime number?
False
Is 101066291 a composite number?
False
Is 7759019 a composite number?
True
Is 22369819 composite?
True
Is 15653581 a prime number?
True
Is 3152307 composite?
True
Is 4883449 a composite number?
True
Is 4412879 prime?
False
Is 5079037 composite?
False
Is 8115259 prime?
True
Is 64452529 composite?
True
Is 75818671 prime?
False
Is 30399001 a prime number?
True
Is 10981573 a composite number?
False
Is 5633923 a prime number?
True
Is 6176089 composite?
True
Is 31912921